is the value of -12 - (160 + -195 - (0 - -7))?
30
What is -13 + (11 - -10) + -1 - -10?
17
Evaluate -5 + (-4 + 11 - 5).
-3
Calculate 5 + (-8 - -11) - -4.
12
Calculate -11 - (-9 + -12 + -12 + 22).
0
What is 41 - (11 + 26) - (0 + 2 + 11)?
-9
What is the value of 12 + 2 + 2 + -6 + (9 - 7)?
12
What is (1 - 24) + (29 - (-15 + 29 - -6))?
-14
Evaluate 6 + -23 + (-3 - -30).
10
What is the value of -191 - -201 - (-1 + -8)?
19
Calculate -6 + 1 - ((24 - 10) + -14).
-5
1 - 10 - (125 - 131)
-3
Calculate 24 + -18 + 8 - 18.
-4
Evaluate -11 + -4 + 12 + -13.
-16
Evaluate -29 + (30 - 9) + 6.
-2
Calculate 6 + (2 - 1 - (-171 + 160)).
18
What is 2 - 7 - -2 - 9?
-12
Evaluate 18 - (-12 - (11 - 28) - 6).
19
What is the value of (0 - (-8 - -5 - -1 - 3)) + -19?
-14
Calculate (10 - (23 + -5)) + (-7 - 5) + -1.
-21
Evaluate -9 - 1 - (4 - (3 + 1)).
-10
What is 4 - 2 - (-8 - (-33 - -14))?
-9
Evaluate 1 + -3 + (7 - 25 - -7).
-13
What is the value of (-8 - (-41 - -15)) + -5?
13
Calculate -58 - (-60 + 32) - -57.
27
Evaluate 0 - ((1 - 2 - -6) + -6 + 10).
-9
Calculate 11 + (-15 - -18 - -9) + -5.
18
Calculate (-46 - -63) + -9 + -3.
5
What is the value of -14 + 5 + (7 - (9 + (2 - 5)))?
-8
(90 - 55) + -14 + -18
3
(-31 + 19 - (0 - -1)) + 0
-13
Evaluate -11 - (-11 + 1 + -6) - (-2 + 20).
-13
6 - ((-2 - (-6 - -10)) + 10) - 2
0
Evaluate 11 - -30 - (41 + 11).
-11
-12 + (-18 - -23 - -10) + 4 + 0
7
Evaluate 16 + -8 - 3 - (-20 + 6).
19
(-14 - 4) + 26 - (-12 - -27)
-7
What is (-3 - (18 - (11 + 6))) + -4?
-8
Evaluate 9 + (-19 - -7) - (-5 - 1).
3
Evaluate (7 - (-4 + (-4 - 2) + 1)) + 9.
25
Evaluate 29 + (-11 - -4 - (-3 + 10)).
15
What is -27 + 16 + 17 + -9?
-3
-4 + 2 + 12 + -9 + (0 - 1)
0
3 + (14 - (-7 - (-22 + 7)))
9
Evaluate 31 + -5 + -28 + 17.
15
What is the value of -10 - ((-11 - 9) + 15)?
-5
(8 - (-20 - -16)) + -13
-1
Calculate 29 - (-14 - (-11 + -9)).
23
Calculate 21 - (0 - (-21 + 3 + 8)).
11
What is the value of 16 - (-2 - -7) - (3 + 4 + 11)?
-7
Evaluate 6 + -2 + 1 + -8 + 5 + -10.
-8
What is 4 + (0 - -15 - (-21 - (-24 - -14)))?
30
What is (-8 - (-2 - (0 - (18 + -9)))) + -9?
-24
What is the value of 9 - (-28 - (2 - 3))?
36
Evaluate (-241 - -251) + (-14 - 0) + -1 + -6.
-11
What is the value of -6 + -61 + (53 - 27)?
-41
What is 2 + (-17 - (-15 - 6) - (-1 + -1))?
8
Calculate 18 + (4 - (-6 + (8 - (-11 + 10)))).
19
What is 7 + -8 + (12 - 3)?
8
What is the value of 0 + 10 - (55 + -29 + 0 + -1)?
-15
What is the value of -8 - (0 + -9) - (0 + 0)?
1
-11 + 9 + (-3 - -2) - 10
-13
What is the value of 3 - (6 + 0 + (-3 + 26 - 35))?
9
Evaluate 48 + -21 - 18 - (0 - -1) - 4.
4
What is the value of (10 + -12 + 6 - 2) + (-7 - -1)?
-4
Evaluate 35 + -18 - (10 + -5) - -6.
18
Calculate -6 - 1 - (-5 - (15 + -7 - 8)).
-2
15 + -17 + (-13 - 16)
-31
-3 - -1 - (135 - 140)
3
Evaluate 3 + -16 + 23 + -19 + (6 - -1).
-2
Calculate -27 + 35 - (-10 + 3 + 40 + 2).
-27
-6 - (-37 + (-13 - (-25 + 13)))
32
What is 183 - 195 - (-6 - -2)?
-8
Evaluate 6 - (6 + -6) - 11 - -10.
5
What is 6 - 14 - (-17 - -16) - 20?
-27
Evaluate 10 + (1 + 17 - (-27 - -38)).
17
Evaluate (-1 - (25 - 16)) + -1 + 7.
-4
(5 - (-9 - -26)) + 9 - -15
12
What is -9 - -10 - (6 + -7 + 6) - -21?
17
What is the value of 4 - (-6 - -25) - (-7 + (2 - -2))?
-12
(-7 - (-23 - -46)) + 17
-13
Calculate 6 - ((3 - -1) + (-10 - (-11 + -1))).
0
Evaluate -16 + (-4 - (-6 + -11) - 10).
-13
10 + 18 + -15 - (1 - -9)
3
Evaluate -8 + (4 - 6) - (-14 + 8) - -8.
4
Evaluate 25 + -2 + (4 - 34).
-7
What is (1 - 4) + (5 - (-9 - (2 - 1)))?
12
What is the value of (-11 + -6 - -9 - -23) + -3?
12
What is the value of 78 + -49 + -31 + (2 - (2 + -6))?
4
What is 4 + (-1 - -1) + (-40 - -35)?
-1
What is the value of -12 + -8 + 10 + 1 + 0 + 5?
-4
0 + 28 - ((-3 - (6 - 10)) + 3)
24
(6 + -9 - 6) + -3
-12
Evaluate -40 + 53 + (0 - 20) + (2 - 7).
-12
What is the value of -3 - (-14 + 5 + 7 + (-6 - -1))?
4
Calculate 7 + -13 - (-9 + -1) - 5.
-1
Calculate 4 - (4 + 8 + -6) - (-1 - 5).
4
What is -14 - (-3 + 3 - (8 - 1)) - -8?
1
What is (-12 - (-18 - -17)) + 8?
-3
Evaluate -1 - (-2 - (5 + 8 + -20)).
-6
140 + -134 + 0 + -15
-9
Evaluate (-38 - 7) + 41 - (-3 + -2 - -1).
0
Evaluate (-10 - (-3 + -2 + -8)) + 1.
4
Calculate -11 + -1 + (-53 - -38).
-27
What is -2 + 7 + (-11 - -4) + 2?
0
What is -13 + 2 + 6 + -20 + 46?
21
-19 + 12 + (-8 - (-47 - -19))
13
((4 - 5) + -4 - -12) + (-12 - 15)
-20
Calculate 3 - ((-5 - -5) + 3 - (-2 + -12)).
-14
What is the value of 25 + -22 + 4 - (0 + 5)?
2
Evaluate -16 + (-7 + 13 - 13) + 8.
-15
Calculate -44 + 43 + -4 + 1.
-4
What is (-9 - -2) + 1 + 0 + (15 - 10)?
-1
Evaluate (-7 - -13) + -1 - (0 - -9) - 8.
-12
(1 - -7) + (37 - 24) + -14 + 6
13
Evaluate -5 + -1 + 6 + (-12 - -3).
-9
Calculate -1 + 11 + 20 + -14 - 25.
-9
What is the value of 2 + 11 - (0 + 8 + -8)?
13
What is the value of 0 + (0 - (-1 + -5)) + -725 + 711?
-8
What is the value of 6 + 57 + -29 - (8 - 0) - 6?
20
What is -5 - -1 - 0 - -4?
0
Evaluate -8 + 0 + -27 + 26.
-9
What is the value of 12 + -51 + 3 + 2 + 9?
-25
(-9 - (-7 - 13)) + -16
-5
What is the value of -32 + 11 - (-1 - (-8 + 10))?
-18
-2 + (15 - 11 - 16) + -13
-27
What is 0 + (-2 - (10 + -12) - 4) + 7?
3
Evaluate 14 - (-2 - -2) - (41 + -70 + 39).
4
Evaluate (-9 - (1 + -4)) + (5 - 9).
-10
What is (8 - -5) + (-9 - 1)?
3
What is 1 - ((28 - 43) + 41)?
-25
(-6 - (-5 + 2)) + -3 + 3 + -2
-5
Evaluate 9 + -18 + 4 + 5 - 5.
-5
What is 6 - ((0 - (-7 + 5)) + -5)?
9
Calculate 13 + (-18 - (30 + -28)).
-7
Calculate 0 + 5 + ((0 - 6) + 3 - -1).
3
What is (-6 - 5) + 1 - (-72 - -53)?
9
(7 - 8) + (-13 - -1) + (-105 - -107)
-11
Calculate 31 - 0 - (-137 + 142) - -4.
30
What is the value of 26 + -30 + (0 - -39)?
35
Calculate 17 - -24 - 23 - 8.
10
Evaluate 0 + -4 + -8 - (-23 - (-14 + -16)).
-19
Calculate -3 + (-10 - -8) + (-14 - -6).
-13
Evaluate (-30 + -16 - -5) + 8 - -15.
-18
Evaluate -9 - (11 + -12 - 3) - -27.
22
What is 1 + 5 + 203 + -230?
-21
Calculate 2 + -14 + (-111 + 109 - (0 - 1)).
-13
(16 - (0 + 4)) + -12 + -1 + -10
-11
3 - (2 + 5 + -29 + 32)
-7
Calculate (-1 - 18) + 28 + 0.
9
What is the value of (-10 - -4) + 8 + (-23 - -5) + 19?
3
What is 12 + -18 - (20 + -36)?
10
What is -14 - (-9 - (-10 + 4) - 35)?
24
(13 - 11) + (0 - (3 - 11))
10
Evaluate (42 - (30 + -17)) + -8.
21
Evaluate (5 - 16 - -12) + 7.
8
Calculate (2 - 0 - 8) + 17 - 6.
5
What is -20 + 31 + (-1 - 4) + -32 - 1?
-27
Evaluate 4 + 8 + (-7 - (1 - 0)).
4
Evaluate (34 - (57 + -18)) + 3.
-2
Evaluate (-19 - -10) + (1 - 4 - 1) + -7.
-20
Evaluate -1 + (-22 - -19) - -16.
12
What is -1 + -2 - (33 + -24 + -20)?
8
What is the value of -6 + 8 + -1 + -2?
-1
-11 - (-6 - 4 - -6) - -2 - 7
-12
What is the value of 11 + (24 - 45) + 46?
36
-13 - (-47 + 9 + 14)
11
Evaluate (-22 - (6 + -17 + -4)) + (35 - 1).
27
Evaluate -259 + 257 + (-4 + 1 - -3).
-2
(0 - 0) + 13 + (40 - 17 - 16)
20
8 + 0 + -72 + 64 + (7 - 2)
5
(0 - -3) + (7 - (6 + 11 + -10))
3
-16 + 14 + -12 + 2
-12
16 - (-2 + -6 + 1 + 11)
12
Calculate 0 - 13 - (-362 + 336).
13
Evaluate 7 - (3 + 4 + (3 - -2)).
-5
2 + (10 - 1) - (29 - 29)
11
What is the value of 4 + (-14 - -6) + -9?
-13
(-40 - -84) + 6 + -44
6
Evaluate -3 + 3 + -3 + 4 + (-49 - -49).
1
Calculate -4 - (9 - 9) - (17 - 20).
-1
Calculate 8 + (2 - 1) + (-12 - 9).
-12
What is -16 + (0 + 6 - (-44 - -49)) + -1?
-16
Calculate (-4 - (-6 - 3)) + -5 + -4 + 0.
-4
What is (-1 - 14) + (-25 + -1 - (590 + -611))?
-20
Evaluate 13 + 5 + (49 - 57).
10
Evaluate -4 + 11 - (15 - (12 + -21)).
-17
What is 3 + -8 + (-9 - -5) + 21?
12
-27 - -3 - (32 + -45)
-11
Evaluate -7 + -2 + 13 - (-1 - -6 - -2).
-3
(-17 - -1) + (10 - 8) + 4 - -1
-9
What is the value of 4 - 11 - (-13 - -5) - 9?
-8
What is 41 + -36 - (7 + 3) - (9 - 0)?
-14
4 + 20 + -30 - -42
36
Calculate 14 - (3 - (19 + -7) - -26).
-3
Calculate 1 + 3 - (-21 + 17).
8
What is the value of 15 - (-7 + 7 + -6 - -18)?
3
What is -6 + -4 + (1 - 1)?
-10
Evaluate -1 + -2 + (-18 - (-15 + -7)).
1
24 - (29 - (-35 - -38))
-2
Evaluate 3 - ((-5 - -8) + 21) - -1.
-20
Evaluate (3 + -11 - -5) + -25 + (1 - -6).
-21
What is the value of 7 + 2 + -20 + -5?
-16
What is -34 + 3 + 10 - -15?
-6
Calculate 10 + 6 + -10 - 8.
-2
What is the value of -2 - (-16 + -3) - 13?
4
What is the value of (1 - -16) + (73 - 121) - -1?
-30
Evaluate (4 - (0 - (5 - 7 - 3))) + 0.
-1
Calculate -1 + (2 + 2 - ((5 - -9) + 1)).
-12
Calculate -43 + 26 + -11 +